(g) = -g**3 - 4*g**2 + 4. Let w be m(-3). Let p = -2 - w. Let b be p + 4/(4/(-9)). Determine y(b).
3
Let x be 3/4 - 249/332. Let l(h) be the third derivative of h**4/24 + h**3/3 + h**2. What is l(x)?
2
Let w(y) = -2*y + 2. Let h(n) = 3*n**2 - n - 1. Let g be h(-1). Suppose -5 = -g*c + 1. Suppose -10 = 4*j - c*l - l, j + 2 = l. What is w(j)?
10
Let d(r) = -r**3 + 4*r**2 - 2*r + 2. Suppose 2*z = 8 + 4. Suppose z*u = 13*u - 28. Calculate d(u).
-6
Let g = 23 + -16. Suppose 5*f - g*f = 32. Let b be f/6*(-9)/6. Let w(h) = -h**2 + 7*h - 4. Calculate w(b).
8
Let a(v) = -v**3 - 9*v**2 - 12. Suppose -2*l + 3*w - 33 = 0, 33*w - 37*w + 11 = l. Give a(l).
-12
Let d(h) = 7*h - 45. Suppose j - 2 = 5. Calculate d(j).
4
Let b(r) = -r**2 + 13*r + 17. Let j(z) = 1. Let k(g) = -b(g) + 4*j(g). What is k(10)?
-43
Let z(f) = -f**3 - 5*f**2 - 2*f + 4. Let x = -31 + 35. Suppose o + 5 = k, 3*o + x + 9 = 2*k. What is z(o)?
-8
Let u(b) = -6*b - 23. Let i be u(10). Let k = 77 + i. Let t(c) = -c**3 - 4*c**2 + 8*c - 1. What is t(k)?
23
Let y(m) be the third derivative of -1/90*m**6 + 0*m + 0*m**5 + 0 + 0*m**3 - 8*m**2 - 1/3*m**4. Let q(p) be the second derivative of y(p). Determine q(1).
-8
Let r(n) be the first derivative of -n**7/840 - n**6/90 + n**5/60 + n**4/4 + 4*n**3/3 + 6. Let f(m) be the third derivative of r(m). Determine f(-4).
-2
Let q be -9 - (-1 - 3/3). Let b(h) = h**3 + 8*h**2 + 6*h. Calculate b(q).
7
Let v(m) = -4*m + 1. Let j = 39 + -33. Suppose j*q = 2*z + 4*q - 6, 0 = -5*q + 5. What is v(z)?
-15
Let k(o) = 2*o - 7. Let y(f) = -14*f + 5. Let j be ((-1)/(-4))/((-18)/(-144)). Let t be y(j). Let w = 28 + t. Determine k(w).
3
Suppose 16 = -5*f + 6. Let q be 10*(f + 52/20). Suppose -q*x = -x - 30. Let o(l) = 2*l - 3. What is o(x)?
9
Let x(a) = -18*a + 31*a - 10 + 13 - 12*a + 19. Give x(-10).
12
Suppose -5 = -7*j + 9. Let w(d) = 6*d**3 - 20*d**2 + 15*d - 31. Let m(g) = -g**3 + 4*g**2 - 3*g + 6. Let n(q) = j*w(q) + 11*m(q). Give n(-5).
-6
Suppose -268*a - 8 = -266*a. Let f(o) = 5*o**3 - 10*o**2 - 4*o - 4. Let l(i) = 11*i**3 - 21*i**2 - 8*i - 9. Let d(x) = -13*f(x) + 6*l(x). Give d(a).
-18
Let z be (-10)/(((-48)/(-9))/(-8)*-3). Let q(n) = -4*n - 15. What is q(z)?
5
Let x be 107/6 + (-5)/(-30). Suppose -4*y - 5*y = -x. Let n(j) = j**3 - 2*j**2 + 4*j - 3. Determine n(y).
5
Let o = 66 + -62. Let a(z) = o*z**2 + 49 + 51 - 101. Give a(-1).
3
Let f(x) = x + 3. Let a be (-11)/(-88) - (-78)/16. Suppose 4*n - 5*c - 56 = 0, -n + 11 = -0*n - 2*c. Suppose -a*d - 11 - n = 0. What is f(d)?
-3
Let n(i) be the first derivative of -i**4/4 + i**3/3 - 3*i**2/2 - 3*i - 44. Calculate n(-2).
15
Let y = 7 - 7. Let p(s) = y*s - s + 7 - 5. Suppose -10*l + 58 = 19*l. Determine p(l).
0
Let t be (-16)/(-2) - 4 - 9. Let s be -6 - (-5)/(t/(-2)). Let j(x) = -x - 14. Let y(r) = 3*r + 41. Let c(m) = 17*j(m) + 6*y(m). Calculate c(s).
4
Suppose 0 = -0*m - 2*m + 10. Suppose m*a - 13 = 2. Let t(j) be the third derivative of j**4/24 - j**3 + 8*j**2. Calculate t(a).
-3
Let t(y) = 2*y**2 - 6*y**2 - 6 + y**3 + 0*y - 5*y. Suppose -32*n + 205 = 9*n. Determine t(n).
-6
Suppose d = 4*d - 6. Let s(g) = 2 + 0*g - 4 - 2*g - d*g. What is s(2)?
-10
Suppose 4*m + 102 = -2*m. Let b = m + 17. Let c(h) = h**3 + h**2 - 3. Determine c(b).
-3
Let j be ((-15)/(-9))/(2/6). Let v(f) = 4*f + 2*f - 2 - j*f. Let s = -8 + 9. Calculate v(s).
-1
Let d(a) be the third derivative of -a**4/24 - a**3/6 + a**2. Let y be (-49)/((-21)/6 + 4). Let h = y - -98. Calculate d(h).
-1
Let g be 6 - (2 - (1 - -1)). Let h(k) = 2*k - 18 + g*k + 14 - 3*k. Give h(3).
11
Let v(y) = y**2 - 6*y - 4. Suppose 0 = -2*z + z - 4. Let q be ((-63)/(-6))/(-3)*8/z. Determine v(q).
3
Suppose 18 = 15*u - 6*u. Let r(h) = -7 + 3*h**2 - 4*h**u + 1 - 3*h + 0*h**2. Give r(-4).
-10
Let g(f) = -3*f**2 + 7*f - 7. Let i(a) = 2*a**2 - 4*a + 3. Let m(p) = -3*g(p) - 5*i(p). Give m(0).
6
Suppose -118 = 5*d - 13. Let v be (7/(d/18))/(-2). Suppose 4*c - v = 5. Let s(w) = -w**3 - w**2 + 3*w - 1. What is s(c)?
-7
Let h(d) = -5*d + 0*d - d**2 - d - 28 + 15 + 2*d**2. What is h(7)?
-6
Let c(h) be the first derivative of -h**4/4 - h**3 + h**2 + 1. Let f be c(-3). Let j(u) = 1692*u**2 - 3 - 1693*u**2 - 142*u + 135*u. What is j(f)?
3
Let g(u) = 3*u**2 + 4*u + 2. Suppose 0 = 156*m - 151*m + 15. Determine g(m).
17
Let s = 125 + -123. Let d(t) be the second derivative of 2/3*t**3 - 3*t + 0 + 2*t**s. Determine d(-4).
-12
Let m(f) be the third derivative of f**5/30 - 5*f**4/24 - 7*f**3/6 + 3*f**2 - 3. Give m(5).
18
Let p = -53 + 55. Let q(y) = -4*y**p - 53 + 2*y**2 + 52 - y. Give q(-2).
-7
Let q(b) = 12*b + 6. Let w be q(1). Let x(y) = -w*y + 5 - 1 + 22*y - 3. Let h be 2 + -3 - (0 - 0). What is x(h)?
-3
Let z(r) = -18*r + 86. Let k be z(5). Let l(q) = -q**2 - 6*q + 1. What is l(k)?
9
Let i(x) be the first derivative of 9*x + 1/2*x**2 - 28. Give i(-7).
2
Let z(i) be the first derivative of -i**2 - 77. Determine z(7).
-14
Let p(h) = -8*h**2 + 2*h + 1. Suppose 3*c = 4*b + 7, 3*c + 12 = -3*b - 9. Let j be (-2)/(-1)*c/6. Calculate p(j).
-9
Let t(k) be the third derivative of -1/12*k**4 + 0 + 0*k - 4*k**2 + 3/2*k**3. Let z(p) = 4*p - 19. Let v(d) = 13*t(d) + 6*z(d). What is v(3)?
-3
Let i(z) = -3*z**2 - 4*z. Suppose -11*f = -3*f + 32. Let x(m) = -9*m + 1 + 6*m - 9*m - 8*m**2. Let w(y) = f*x(y) + 11*i(y). Give w(3).
-1
Let r(c) be the first derivative of -c**4/4 - 11*c**3/3 + 13*c**2/2 - 332. Determine r(-12).
-12
Let b(v) = -7*v**2 + 19*v + 14. Let w(y) = -y**2 + 3*y + 2. Let k(f) = -2*b(f) + 13*w(f). What is k(3)?
10
Let o = 18 + -15. Let v(k) = k**2 - 3*k + 3. Let d be v(4). Let w(l) = -8*l**o + d*l**3 - 3*l - l - 3*l**2 + 6*l + 1. What is w(-3)?
-5
Let q(h) = -4 + 137*h + 2 - 138*h. Determine q(-6).
4
Let d(f) be the first derivative of 18 + 1/2*f**2 + 8*f. Determine d(-7).
1
Let n = -1 + 15. Let q(z) = 10 - n + 6 + z. Let u be -2 - ((-2)/(-2) - 3). Determine q(u).
2
Suppose 0*m - 2*m + 2 = 0. Suppose -3*z = -0*r - 2*r + 5, 0 = 5*r + 5*z + 25. Let s be r*(m - 15/6). Let c(h) = h**3 - 2*h**2 - h - 3. Give c(s).
3
Let r(i) = 28 - i + 21 - 50. Suppose 0 = -3*j - 5*y + 16, 3*j = -0*j - 3*y + 12. Suppose 2*n = 2*f, 5 = 4*n - n - j*f. Determine r(n).
-6
Let g be 4/(-26) + (-3177)/(-117) + 2. Suppose -9 = -19*v + g. Let y(z) = -2*z**2 + 3*z. What is y(v)?
-2
Suppose 0 = 5*n + g - 30 - 8, 4*n + 3*g = 37. Let u(s) = -s**3 + 6*s**2 + 6*s - 1. What is u(n)?
-8
Let a(p) be the second derivative of -p**3 + 25*p**2/2 - 3*p + 22. Give a(6).
-11
Let f(k) be the second derivative of k**5/20 - 7*k**4/12 + 5*k**3/6 + 3*k**2 - 6*k. Let r be f(6). Let y(d) = -9 + d**2 + 0*d + 0*d**2 - d**3 + d. What is y(r)?
-9
Let l(p) = p - 1. Let w(f) = -f**2 + 13 - 5*f - f - 5. Let j(y) = -6*l(y) - w(y). What is j(2)?
2
Let m be 1 + (-1)/(-3)*-3. Let v(c) be the third derivative of 0*c + 4*c**2 + 5/24*c**4 + 1/3*c**3 + m. What is v(-2)?
-8
Suppose 3 = -56*z + 59*z - p, 19 = 5*z + 3*p. Suppose -4*n - 9 + 27 = 5*f, -5*n = -f - 8. Let g(d) = d**3 + d**f - d - z*d**2 - 3 - d**2. Calculate g(3).
3
Let l(m) = -m**2 + 13*m - 10. Suppose -12 = -2*n + 12. Give l(n).
2
Let o(m) be the third derivative of m**6/120 - m**5/12 + m**4/6 + m**3/6 - 31*m**2 + 3*m. What is o(4)?
1
Let w(i) = -2*i - 1. Let k = -1575 + 1583. Determine w(k).
-17
Let s(c) = 6*c - 1. Suppose 2*a - 1 - 11 = -j, 0 = -4*j + a + 3. Suppose 0 = -b + j*b - 3. Give s(b).
17
Let b(w) = -1 - 12*w + 8*w + w**3 + 4. Give b(3).
18
Let y be (3/(-5))/((-57)/(-190)). Let s(f) = -2*f**3 - f**2 - 2*f - 2. Calculate s(y).
14
Suppose 0 = -3*l + 2*z - 5, 8*l + 5*z - 24 = 4*l. Let x(p) = -8*p**3 - 2*p**2 + 2*p - 1. Determine x(l).
-9
Let g(l) be the third derivative of 5/2*l**3 + 1/24*l**4 + 0*l - 3*l**2 + 0. What is g(-7)?
8
Let l(i) = -18*i. Let g be 546/(-598) + (-4)/46. Determine l(g).
18
Let y = 939 - 943. Let w(h) = 4*h + 6. Determine w(y).
-10
Let h(z) = z - 8. Let y = 1025 - 1021. Give h(y).
-4
Let q(x) = -8*x + 6. Suppose 19*z = -56 - 39. Determine q(z).
46
Let z(f) = -f**3 - 6*f**2 - 5*f - 6. Let y(n) = n**3 + 3*n**2 + n - 7. Let m be y(-2). Give z(m).
-6
Let b(d) = 6*d + 5. Let q be (8 + (-140)/30)/(4/(-6)). Calculate b(q).
-25
Let c(m) = -2*m**2 + 5*m + 8. Suppose -32*r + 2 = -33*r - 2*v, 4*v + 12 = 0. Give c(r).
-4
Let y(m) = -54*m**2 - 1 + 104*m**2 + 9*m - 49*m**2. Wh